1589699?
3, 11, 17, 73, 283
List the prime factors of 59654760.
2, 3, 5, 11, 43, 1051
What are the prime factors of 32655764?
2, 127, 64283
List the prime factors of 2463529979.
31, 79468709
What are the prime factors of 174729983?
757, 230819
List the prime factors of 7685511325.
5, 307420453
What are the prime factors of 409282084?
2, 43, 2379547
What are the prime factors of 153597544?
2, 149, 128857
What are the prime factors of 244291303?
19, 23, 691, 809
List the prime factors of 2536872762.
2, 3, 3469, 121883
What are the prime factors of 222657934?
2, 31, 37, 101
List the prime factors of 46390418.
2, 23195209
What are the prime factors of 63873951?
3, 37, 575441
List the prime factors of 1835274978.
2, 3, 101959721
List the prime factors of 322854370.
2, 5, 1231, 26227
List the prime factors of 1117428760.
2, 5, 7, 19, 41, 47, 109
List the prime factors of 5788782321.
3, 7, 1871, 147331
List the prime factors of 284570656.
2, 2129, 4177
What are the prime factors of 465006008?
2, 79, 173, 4253
List the prime factors of 21521194.
2, 59, 271, 673
What are the prime factors of 401771461?
7, 13, 727, 6073
List the prime factors of 19645769.
11, 13, 137383
What are the prime factors of 16370291?
7, 463, 5051
List the prime factors of 112203706.
2, 17, 23, 143483
List the prime factors of 37495542.
2, 3, 7, 163, 5477
List the prime factors of 41941567.
17, 2467151
List the prime factors of 253711492.
2, 593, 106961
List the prime factors of 76352389.
17, 29, 154873
What are the prime factors of 2194263226?
2, 4673, 234781
What are the prime factors of 468817307?
7, 66973901
List the prime factors of 522361468.
2, 199, 541, 1213
List the prime factors of 12012235.
5, 29, 37, 2239
What are the prime factors of 125509821?
3, 41836607
List the prime factors of 68654292.
2, 3, 7, 53, 2203
List the prime factors of 1306964555.
5, 13, 89, 157, 1439
List the prime factors of 50702164.
2, 107, 118463
What are the prime factors of 842242372?
2, 61, 317, 10889
What are the prime factors of 7664595?
3, 5, 31, 53, 311
What are the prime factors of 864845068?
2, 31, 43, 61, 2659
What are the prime factors of 265044849?
3, 1093, 80831
List the prime factors of 153760218.
2, 3, 47, 229, 2381
List the prime factors of 49994688.
2, 3, 17, 53
List the prime factors of 8391007844.
2, 23, 91206607
What are the prime factors of 1615651455?
3, 5, 11, 127, 77101
List the prime factors of 1139043743.
23, 97, 510553
List the prime factors of 1883760.
2, 3, 5, 47, 167
What are the prime factors of 1843384670?
2, 5, 12473, 14779
What are the prime factors of 6204748?
2, 11, 83, 1699
What are the prime factors of 212517789?
3, 11, 6439933
What are the prime factors of 103196717?
13, 1171, 6779
What are the prime factors of 1916826072?
2, 3, 7, 23, 496073
What are the prime factors of 151480582?
2, 11, 6885481
What are the prime factors of 150397637?
13, 37, 312677
List the prime factors of 3839721.
3, 1279907
List the prime factors of 178901190.
2, 3, 5, 13, 50969
List the prime factors of 164458749.
3, 7, 13, 41, 2099
What are the prime factors of 465869820?
2, 3, 5, 13, 597269
List the prime factors of 45026861.
11, 4093351
List the prime factors of 1002081283.
7, 29, 193, 25577
List the prime factors of 151049872.
2, 9440617
List the prime factors of 23127940.
2, 5, 11, 19, 503
List the prime factors of 539982318.
2, 3, 19, 647, 7321
List the prime factors of 2643643.
23, 114941
What are the prime factors of 2872069242?
2, 3, 7, 857, 11399
List the prime factors of 492844683.
3, 164281561
What are the prime factors of 2255867728?
2, 140991733
List the prime factors of 1918090026.
2, 3, 2837, 37561
List the prime factors of 11909774.
2, 557, 10691
What are the prime factors of 2168699658?
2, 3, 977, 369959
List the prime factors of 1807238092.
2, 11, 3733963
List the prime factors of 173343525.
3, 5, 23, 317
What are the prime factors of 27600361?
27600361
List the prime factors of 243339790.
2, 5, 24333979
List the prime factors of 300343629.
3, 100114543
What are the prime factors of 146208424?
2, 23, 727, 1093
List the prime factors of 777772525.
5, 17, 1830053
List the prime factors of 122304798.
2, 3, 7, 11, 79, 1117
What are the prime factors of 105431599?
7, 13, 113, 10253
What are the prime factors of 244506437?
7, 53, 659047
What are the prime factors of 1163358162?
2, 3, 53, 1219453
What are the prime factors of 58879047?
3, 19626349
List the prime factors of 16725247.
7, 11, 83, 2617
List the prime factors of 221222541.
3, 31, 2378737
List the prime factors of 102094833.
3, 34031611
What are the prime factors of 73847882?
2, 179, 206279
What are the prime factors of 204382426?
2, 151, 676763
List the prime factors of 159132328.
2, 19891541
What are the prime factors of 15495977?
7, 2213711
List the prime factors of 41090311.
41090311
List the prime factors of 662221920.
2, 3, 5, 1379629
What are the prime factors of 4534183623?
3, 32609, 46349
What are the prime factors of 280370006?
2, 7, 59, 197, 1723
What are the prime factors of 493633108?
2, 797, 154841
List the prime factors of 12475824.
2, 3, 17, 15289
What are the prime factors of 6765979031?
7, 966568433
List the prime factors of 73949302.
2, 7, 59, 89527
List the prime factors of 3145261018.
2, 17, 6199, 14923
What are the prime factors of 84132984?
2, 3, 13, 41, 6577
List the prime factors of 56971739.
11, 5179249
What are the prime factors of 153179936?
2, 7, 13, 41, 1283
What are the prime factors of 1184617857?
3, 89, 4436771
List the prime factors of 135930718.
2, 7, 11, 79, 11173
List the prime factors of 816232629.
3, 272077543
List the prime factors of 31519568.
2, 23, 97, 883
What are the prime factors of 152322911?
13, 47, 127, 151
What are the prime factors of 22761114?
2, 3, 29, 130811
List the prime factors of 2177869156.
2, 79, 6891991
What are the prime factors of 5136989584?
2, 61, 5263309
List the prime factors of 144348584.
2, 463, 38971
List the prime factors of 63507555.
3, 5, 307, 4597
List the prime factors of 431234742.
2, 3, 61, 1178237
What are the prime factors of 6362026253?
11, 19, 5381, 5657
List the prime factors of 6058794.
2, 3, 7, 181, 797
What are the prime factors of 124189811?
17, 23, 317621
List the prime factors of 1489630769.
11, 135420979
What are the prime factors of 57795234?
2, 3, 7, 1376077
What are the prime factors of 842836979?
19, 983, 45127
List the prime factors of 291459810.
2, 3, 5, 19, 511333
What are the prime factors of 2210129603?
11, 67, 167, 17957
What are the prime factors of 26521669?
43, 616783
What are the prime factors of 499145157?
3, 7, 7922939
What are the prime factors of 971997740?
2, 5, 7, 53, 101, 1297
What are the prime factors of 357020037?
3, 11, 47, 277
What are the prime factors of 14216611?
97, 146563
List the prime factors of 72237424.
2, 7, 644977
List the prime factors of 361585741.
11, 32871431
List the prime factors of 49937795.
5, 19, 41, 12821
List the prime factors of 6051543934.
2, 3025771967
What are the prime factors of 5154106989?
3, 3083, 557261
List the prime factors of 72116214.
2, 3, 29, 414461
What are the prime factors of 83492706?
2, 3, 11, 1265041
What are the prime factors of 102665297?
7, 14666471
List the prime factors of 201659484.
2, 3, 13, 41, 769
What are the prime factors of 433744738?
2, 7, 30981767
List the prime factors of 67345393.
313, 215161
What are the prime factors of 172701744?
2, 3, 31, 277, 419
List the prime factors of 1532843074.
2, 7, 109488791
What are the prime factors of 162757462?
2, 7, 11625533
List the prime factors of 701866188.
2, 3, 6498761
What are the prime factors of 221921224?
2, 7, 29, 136651
What are the prime factors of 6301256925?
3, 5, 541, 155299
What are the prime factors of 84879384?
2, 3, 19, 23, 8093
What are the prime factors of 306295413?
3, 227, 449773
What are the prime factors of 18041119?
137, 131687
List the prime factors of 251743672.
2, 43, 439, 1667
List the prime factors of 27915219.
3, 41, 151, 167
List the prime factors of 8027123852.
2, 11, 17, 1327, 8087
List the prime factors of 181049779.
17, 10649987
List the prime factors of 965863329.
3, 3677, 87559
List the prime factors of 155064904.
2, 19383113
List the prime factors of 905917688